{"id":12,"date":"2023-04-07T16:36:01","date_gmt":"2023-04-07T14:36:01","guid":{"rendered":"https:\/\/oczk.pl\/?page_id=12"},"modified":"2023-04-07T17:59:09","modified_gmt":"2023-04-07T15:59:09","slug":"sekcja-strony-glownej","status":"publish","type":"page","link":"https:\/\/oczk.pl\/?page_id=12","title":{"rendered":"Sekcja strony g\u0142\u00f3wnej"},"content":{"rendered":"\n<h3 class=\"wp-block-heading\">System telefoniczny w chmurze<\/h3>\n\n\n\n<p>System telefoniczny w chmurze  to zaawansowana centrala IP PBX, kt\u00f3ra umo\u017cliwia elastyczn\u0105 i natychmiastow\u0105 konfiguracj\u0119 po\u0142\u0105cze\u0144 wykonywanych i przychodz\u0105cych.<\/p>\n\n\n\n<p>Podstawowe, oferowane funkcje to m.in.:<\/p>\n\n\n\n<ul class=\"wp-block-list\">\n<li>DOWOLNA LICZBA NUMER\u00d3W WEWN\u0118TRZNYCH<\/li>\n\n\n\n<li>PRZE\u0141\u0104CZANIE ZALE\u017bNE OD PORY DNIA, IVR, ZAPOWIEDZI G\u0141OSOWE<\/li>\n\n\n\n<li>KOLEJKI, UMIEJ\u0118TNO\u015aCI, GRUPY<\/li>\n\n\n\n<li>CENTRALNA KSI\u0104\u017bKA TELEFONICZNA<\/li>\n\n\n\n<li>AUTOMATYCZNE PRZEKIEROWANIE NA KOM\u00d3RKI W PRZYPADKU NIEDOST\u0118PNO\u015aCI URZ\u0104DZE\u0143 STACJONARNYCH<\/li>\n\n\n\n<li>POCZTA G\u0141OSOWA \u2013 PRZESY\u0141ANIE NAGRA\u0143 NA EMAIL<\/li>\n\n\n\n<li>G\u0141OSOWE TELEKONFERENCJE (DO 50 UCZESTNIK\u00d3W)<\/li>\n<\/ul>\n","protected":false},"excerpt":{"rendered":"<p>System telefoniczny w chmurze System telefoniczny w chmurze to zaawansowana centrala IP PBX, kt\u00f3ra umo\u017cliwia elastyczn\u0105 i natychmiastow\u0105 konfiguracj\u0119 po\u0142\u0105cze\u0144 wykonywanych i przychodz\u0105cych. Podstawowe, oferowane funkcje to m.in.:<\/p>\n","protected":false},"author":1,"featured_media":43,"parent":0,"menu_order":0,"comment_status":"closed","ping_status":"closed","template":"","meta":{"footnotes":""},"class_list":["post-12","page","type-page","status-publish","has-post-thumbnail","hentry"],"_links":{"self":[{"href":"https:\/\/oczk.pl\/index.php?rest_route=\/wp\/v2\/pages\/12","targetHints":{"allow":["GET"]}}],"collection":[{"href":"https:\/\/oczk.pl\/index.php?rest_route=\/wp\/v2\/pages"}],"about":[{"href":"https:\/\/oczk.pl\/index.php?rest_route=\/wp\/v2\/types\/page"}],"author":[{"embeddable":true,"href":"https:\/\/oczk.pl\/index.php?rest_route=\/wp\/v2\/users\/1"}],"replies":[{"embeddable":true,"href":"https:\/\/oczk.pl\/index.php?rest_route=%2Fwp%2Fv2%2Fcomments&post=12"}],"version-history":[{"count":2,"href":"https:\/\/oczk.pl\/index.php?rest_route=\/wp\/v2\/pages\/12\/revisions"}],"predecessor-version":[{"id":52,"href":"https:\/\/oczk.pl\/index.php?rest_route=\/wp\/v2\/pages\/12\/revisions\/52"}],"wp:featuredmedia":[{"embeddable":true,"href":"https:\/\/oczk.pl\/index.php?rest_route=\/wp\/v2\/media\/43"}],"wp:attachment":[{"href":"https:\/\/oczk.pl\/index.php?rest_route=%2Fwp%2Fv2%2Fmedia&parent=12"}],"curies":[{"name":"wp","href":"https:\/\/api.w.org\/{rel}","templated":true}]}}